*s - 13, 0 = 2*s + 10. Suppose 0 = -o*d + 113 + 67. What is the tens digit of d?
4
Let k(y) = y + 5. Let c be k(-3). Suppose -j + v = -6, -c*v = j - 6*j + 18. Suppose j*t = 3*t - 12. What is the units digit of t?
2
Suppose -3*i + 20 = -10. Let g be 3*6/(-45)*i. Let r = 6 + g. What is the units digit of r?
2
Let j be (-1)/((6/70)/(-3)). Let c = j - 24. What is the tens digit of c?
1
Let h(a) = a - 5. Let t be h(-6). Let m(u) = 5*u**3 + 4*u**2 - u + 2. Let v be m(-2). Let w = t - v. What is the units digit of w?
9
Let j = 237 - 99. What is the tens digit of j?
3
Let p be (-29 + -8)*(-8 - 0). What is the tens digit of (p/(-16))/(2/(-4))?
3
Let a(y) = -5*y**2 + 3*y - 5. Let t(g) = 6*g**2 - 2*g + 6. Let q(c) = -7*a(c) - 6*t(c). Let n be q(-6). Let b = 25 - n. What is the units digit of b?
8
Suppose -2*g + n + 1 = -0*n, 3*n = -15. Let c be 3 + g*16 + 0. Let b = -18 - c. What is the units digit of b?
1
Let y(p) = -2*p**2 + 5*p + 6. Let g be y(6). Let b = g - -68. Suppose -m - b = -5*m. What is the units digit of m?
8
Let j be ((-10)/(-4))/((-2)/(-4)). Suppose -101 = -5*k - d, 60 - 164 = -4*k + j*d. Suppose -3*m + k = -0*m. What is the units digit of m?
7
Let n(k) = k - 7*k**2 + 11*k**2 + 2 - 3*k**2. What is the units digit of n(3)?
4
Let a = 68 + -34. What is the tens digit of a?
3
Suppose -3*w - 171 = -2*i, 2*w = -5*i - 89 + 469. What is the units digit of i?
8
Suppose -3*l = 2*i + 7, l = 4*i - 4 - 3. Let t = l - -4. What is the units digit of t?
1
Let b be 2/(-3) - (-44)/12. Let s(o) = -o - 1 - b + 2*o + o**2. What is the units digit of s(-4)?
8
Let h(v) = -2*v + 4*v + 7*v + 1. Let p(z) = 10*z + 1. Let s(o) = -7*h(o) + 6*p(o). What is the units digit of s(-2)?
5
Let h(d) = d**3 + 3*d**2 - 2. Let g be h(2). Suppose 3*o = 3*b - g, 2*o = 3 + 5. What is the tens digit of b?
1
Let t = -6 + 10. Suppose 3*z + 7 = t*z. What is the units digit of z?
7
Let z(t) = 2*t**2 - 3*t. Let c be z(2). Suppose -2*r - c*r - 25 = -p, -4*p + 5 = 3*r. What is the units digit of p?
5
Let s = 79 - 56. What is the units digit of s?
3
Let v = 14 - 10. Suppose g = -2*l - 3*g + 6, 0 = -v*l - 3*g + 22. What is the units digit of l?
7
Suppose 77 = -4*n - f, 3*n + 2*f = f - 57. Let y = n - -41. What is the units digit of y?
1
Suppose 2*h + 2*a = -3*h + 21, 2*h - a - 3 = 0. Suppose -3*x + h = -3. What is the units digit of x?
2
Let l(y) = y**3 + y**2 + y - 1. Let x be l(0). What is the units digit of x*38/4*-4?
8
Let r(v) = 2*v**2 - 2*v - 2. Let c be r(-2). Suppose -2*y - 10 = 2*y + 2*f, -3*y - 4*f = 0. Let w = y + c. What is the units digit of w?
6
Suppose o - 8 = 16. Suppose 2*f = -3*f - 75. Let x = f + o. What is the units digit of x?
9
Let y(s) = -s**3 + 4*s**2 - 4*s + 2. Let n be 2/7 - (-2)/(-7). Suppose 3*d - 2 + 9 = 5*v, -2*v + 5*d - 1 = n. What is the units digit of y(v)?
2
Let t(k) = k**3 + 8*k**2 + 4*k - 6. What is the units digit of t(-6)?
2
Let a be (3/9)/(1/21). Let y(w) = w - 4. What is the units digit of y(a)?
3
Let u = 9 - -41. What is the units digit of u?
0
Let i be 0*1*(-1 + 2). Suppose 2*g + i*g = 8. What is the units digit of g?
4
Let l = 271 + -96. What is the hundreds digit of l?
1
What is the tens digit of 2/3*(-144)/(-4)?
2
Let q be (60/14)/(4/28). Let x = q + -17. What is the tens digit of x?
1
Suppose -3*a - 4*o + 59 = 0, 0 = 5*a - 0*a + 4*o - 109. What is the tens digit of a?
2
Suppose -c - 4*k + 13 = k, 27 = -c + 5*k. Let q be 4/16 + c/(-4). Suppose -4*o - q*b = -54, 5*b = -4*o + 30 + 39. What is the units digit of o?
1
Let p(g) be the second derivative of -g**3/6 + 2*g. Let u be p(-2). Suppose 16 = v + 3*l, -v - u*l = 2*l - 21. What is the units digit of v?
1
Suppose -58*q + 61*q = 582. What is the units digit of q?
4
Let z be 6/(-2) + (1 - 8). Let o be 4/z + (-81)/(-15). Suppose 2*u = o*h - 3 - 112, 0 = 2*h + 5*u - 17. What is the tens digit of h?
2
Let q(o) = o**3 - 6*o**2 - 5*o - 10. Let t be q(7). Suppose -4 = 3*z + s, -t*z + 5 = -2*s - 3. Let h(m) = -m**3 + m**2 - m + 2. What is the units digit of h(z)?
2
Suppose -2*z = 6, -4*z + 2*z - 198 = -2*m. Suppose 7*h - 5*h - m = 0. What is the tens digit of h?
4
Let f(d) = -7 + d**3 + 7*d**2 + 6*d - 19*d**2 + 7*d**2. What is the units digit of f(5)?
3
Suppose -4*k + 2*k = 76. Let p = k + 66. What is the units digit of p?
8
Suppose -2*s + 4*m - 2*m = -28, 0 = -2*s - 5*m + 28. Suppose 3*q = -2*b + s, 4*q + 10 = 4*b + 2. What is the units digit of q?
2
Let q(f) = 3*f**2 + 2*f - 4. Let m(p) = -16*p**2 - 11*p + 21. Let j(h) = -2*m(h) - 11*q(h). Let r be j(0). Suppose x - 13 = -r. What is the units digit of x?
1
Let u = -211 + 361. What is the units digit of u?
0
Suppose 0 = r - 3*r. Suppose y + r*y - 3 = 0. What is the units digit of y?
3
Let r = -69 + 41. What is the units digit of (-860)/r + 2/7?
1
Let a(p) = -1 + 4*p + 0 - 1 - 2. What is the units digit of a(8)?
8
Let y = 21 + -9. Suppose c = -c + y. What is the units digit of (-9 + 5)*c/(-8)?
3
Let t = 76 + 4. Suppose -3*m + 2*m = -5*i - 38, 4*i - t = -4*m. What is the tens digit of m?
2
Let n(v) = v**3 + v**2. Let a be n(1). Suppose -5*k + 51 = -a*k. What is the units digit of k?
7
Suppose 7*o = 4*o + 75. Suppose -2*x = -7*x + o. What is the units digit of (2/(-5))/((-1)/x)?
2
Let l(c) be the second derivative of c**5/60 + 3*c**4/8 + c**3/3 + 3*c**2/2 - c. Let p(x) be the first derivative of l(x). What is the units digit of p(-9)?
2
What is the tens digit of 24/((-4)/(-16)*6)?
1
What is the tens digit of (7 + -1 + 1)/((-3)/(-42))?
9
Let i = 8 + -6. Suppose -2*t - 4 = 2*t. Let n = t + i. What is the units digit of n?
1
Suppose 0 = -n + 4 - 0. Suppose -n*t + 1 = -39. What is the units digit of t?
0
Let u(v) = -5*v. Let r = 10 - 17. What is the units digit of u(r)?
5
Let a(x) = -x**3 + 14*x**2 - 5*x - 9. What is the tens digit of a(13)?
9
Let t be -2 + 0 + (3 - -6). Suppose 4*h - 5*q - 73 = 0, 0 = -h + t*q - 3*q + 32. What is the units digit of h?
2
Let p = 10 + -9. Let f = p + 6. What is the units digit of f?
7
Let m = -25 + 86. What is the units digit of m?
1
Let n = -10 - -59. What is the tens digit of n?
4
Let p = 17 - -11. What is the tens digit of (p/(-7))/((-4)/10)?
1
Let w(o) be the second derivative of o**3/6 + 9*o**2/2 - 2*o. Let y be w(-8). What is the units digit of (y - 0)/(2/10)?
5
Let f be 9/(-2)*4/(-6). Suppose 0 = p - 2 - f. Suppose p*l - 67 = l - 3*h, 1 = 2*l - 5*h. What is the units digit of l?
3
Let l(v) = 10*v - 17. What is the units digit of l(14)?
3
Suppose -4*l + 19 = -5*a, -4*a = l + 4*l + 7. What is the units digit of 1*3 - (-6 + l)?
8
Let j = 2 - -1. Let k be 4 + (2 - -1) - j. Suppose -k = g - 2*g. What is the units digit of g?
4
Let v(l) = -4*l - 3. Let j be (14/6)/(1/(-3)). What is the units digit of v(j)?
5
Suppose 0 = 4*a - 2*n - 40, 5*n + 28 = a + 3*a. Suppose -2*v - a = 4*s, 0 = -2*s - 10 + 4. What is the units digit of -2 + v/2 + 5?
3
Suppose 0*b - 3 = -b. Let y(m) = 4*m - 24*m**b - m**2 - 5*m + 7*m**3. What is the units digit of y(-1)?
7
Suppose 0*t + 8*t - 840 = 0. What is the hundreds digit of t?
1
Suppose 0 = 5*r - n - 218, -n - 2 = -4. Suppose -3*m = -5*m - 4, 0 = 3*g - 4*m - r. What is the units digit of g?
2
Let a = 7 - 13. Let k = 25 - a. What is the tens digit of k?
3
Let x = -5 - -7. Suppose x*q = -7*l + 2*l - 38, 2*l = -5*q - 32. What is the units digit of l/(-4)*10/3?
5
Suppose 4*n = 6*n - 72. Let f = 57 - n. Suppose 2*v - f = -v. What is the units digit of v?
7
Suppose 3*g - g - 10 = 0, -y + 3 = g. Let v be 9*(y - (-30)/9). Suppose -v + 42 = 5*w. What is the units digit of w?
6
Let r be (-2 - (2 - 3)) + 3. Suppose 23 = r*l - 11. Suppose -2*g = f - 14, 5*f - g = 42 + l. What is the units digit of f?
2
Suppose 150 = 7*h - 39. What is the units digit of h?
7
Let w = 69 + -32. What is the tens digit of w?
3
Let n(p) = p + 6. Let z be n(-4). Let t be 7*1 - 6/3. Suppose 0 = -z*m + 3*r + 32, 0*m = -4*m - t*r + 42. What is the tens digit of m?
1
Let j(g) = 4 - g - g**2 - 2*g + 2*g**2. Let v be j(3). Suppose -12 = -2*s + v. What is the units digit of s?
8
Suppose 3*f = -2*w + 19, 60 = 5*w - 5*f - 0*f. Let k = 29 - w. What is the units digit of k?
8
Let m(d) = 5*d**3 - 2*d. Let s be m(2). Suppose -4*f - j + 23 = 0, 3*f - s = 4*j - j. What is the units digit of f?
7
Let r = 12 - 9. What is the units digit of r?
3
Let r